*l**2 - 41*l - 17. List the prime factors of r(-6).
7, 151
Suppose 16082 = 5*f + 4*l, 0*l = l - 3. List the prime factors of f.
2, 1607
What are the prime factors of 58*(-6 - 81/(-6))?
3, 5, 29
Suppose a + 4*a = o + 1516, -3*a - o = -916. Let h be (-15)/35 + a/7. Suppose 64 = 5*y - 7*v + 3*v, 4*y + 5*v - h = 0. What are the prime factors of y?
2, 3
Let a be (72/27)/((-2)/15). Let l = a + 23. What are the prime factors of l?
3
Let t be 9/1 - (-5 + 2). Let j(x) = 15*x + 27. Let c be j(t). Let r = -139 + c. List the prime factors of r.
2, 17
Suppose -y - 4*b = -8*b - 32, 0 = -3*y - 2*b + 82. Let s be (-170)/4*y/(-35). Suppose 3*o - s = 32. What are the prime factors of o?
2, 11
Suppose 0 = -3*x - 2*x + 3*m + 10, 7 = -2*x - m. Let g = 39 + -41. What are the prime factors of ((-5)/g)/(x/(-8))?
2, 5
Suppose -l + 5 = -2*l, -n + 2*l = -100. What are the prime factors of n?
2, 3, 5
Suppose 7*s = 11*s + 4*l - 7544, -2*s = 5*l - 3778. List the prime factors of s.
2, 3, 157
Let z(y) = -3*y**3 - 2*y**2 + y + 33. What are the prime factors of z(-6)?
3, 67
Let r(o) = -2*o**3 + 7*o**2 + 21. List the prime factors of r(-5).
2, 223
Let w = 92 + 42. Suppose -3*q - 306 = 4*j, j + 67 = -0*j + 4*q. Let p = j + w. What are the prime factors of p?
59
Let n(t) be the second derivative of 7*t**4/6 + 2*t**3/3 - 3*t**2/2 + 3*t. What are the prime factors of n(2)?
61
Suppose -b - 4*j = -2*b + 3, 0 = -3*b + j - 46. Suppose 0 = -4*v - 4*y - 184, -37 = 4*v + 5*y + 148. Let x = b - v. What are the prime factors of x?
2, 7
Let p(l) = 5*l - 26. Let s be p(8). Let c(u) = -u**2 + 19*u - 11. List the prime factors of c(s).
59
Let x(s) = 11 + 4*s + 0*s**2 + 0*s**2 + s**2 + 5*s. List the prime factors of x(10).
3, 67
Let b = -74 + 104. Let v = b + -18. List the prime factors of v.
2, 3
Let a(y) = -y**3 - 55*y**2 + 35*y + 24. What are the prime factors of a(-56)?
2, 3, 5
Let h(z) be the third derivative of -z**6/120 - 2*z**5/15 + z**4/24 + 5*z**3/3 - 7*z**2. List the prime factors of h(-9).
2, 41
Let w = -7 + 84. What are the prime factors of w?
7, 11
Let d(g) = g**3 + 38*g**2 - 6*g - 3. What are the prime factors of d(-10)?
2857
Let q be 102/(-15)*(-15)/6. Let c be (-6)/4*(-16)/6. Suppose -p = -t - q, -4*p - c*t + 74 = 22. What are the prime factors of p?
3, 5
Suppose -5*a - 4188 = -2*a. Let z be a/36 + 8/(-36). Let h = z + 76. List the prime factors of h.
37
Suppose 53*y + 15237 = 62*y. List the prime factors of y.
1693
Let t = 3121 - 2152. What are the prime factors of t?
3, 17, 19
Let g(x) = 2*x - 9. Suppose 0 = -n + l - 2, -6*l = -3*n - l - 14. Let h be (n + -20)/(6/(-4)). What are the prime factors of g(h)?
3, 5
Suppose 1583 = 5*c - 11607. List the prime factors of c.
2, 1319
Let q = 7664 + -2628. List the prime factors of q.
2, 1259
Let u be 6 + 9/15 + 6/(-10). Suppose -6*v = u*v - 2040. What are the prime factors of v?
2, 5, 17
Let q = 33 + -28. Suppose -4*r = -r - 5*p - 244, 2*p = q*r - 375. What are the prime factors of r?
73
Let a(z) = 7*z - 2*z**2 + 16 + 3*z**2 + 0*z**2 - 8*z. Let j be a(0). Let c = j - 10. List the prime factors of c.
2, 3
Let a be (-2)/(-4)*8 - -71. Suppose 3*i - 5*k - a = 0, 0 = -3*i + 2*k + 58 + 17. What are the prime factors of i?
5
Let d = -52 + 44. List the prime factors of (108/d + 6)/(6/(-80)).
2, 5
List the prime factors of (2/(-5))/(23/(-132595)) - 0.
2, 1153
Suppose -v + 13 = -2*m, 5*m + 8 + 8 = -3*v. Suppose -g + 2*g = -v*n + 7, 2*g - 14 = 5*n. What are the prime factors of g?
7
Suppose -3*i + 3*j + 10542 + 732 = 0, -3*i = 4*j - 11281. What are the prime factors of i?
3, 7, 179
Suppose -17493 = -4*k - k + 2*d, -10483 = -3*k - 2*d. What are the prime factors of k?
13, 269
Let d(t) = 38*t - 56. Let j(y) = y + 3. Let k be j(4). List the prime factors of d(k).
2, 3, 5, 7
What are the prime factors of (-1 - (-42)/54) + (-76)/(-18)?
2
Suppose 23*p = 33*p - 4780. List the prime factors of p.
2, 239
Suppose 0 = 3*k + 12, -4*r - 6 = -2*r - 3*k. Let f be (-3)/r + (-22)/(-6). What are the prime factors of (-2)/f - (-217)/14?
3, 5
Suppose 2*g = 4*z + 14, 1 = -5*g + 2*g - 5*z. Let p be (3/(-6))/(g/(-60)). Let d = p + 13. List the prime factors of d.
23
Let q = 1091 + -67. List the prime factors of q.
2
Let r be -2*(4 + 3/(-6)). Let v(n) = n**2 + 7*n + 6. Let y be v(r). Let i(g) = g**2 - 3*g + 11. List the prime factors of i(y).
29
Let s(a) = 13*a - 2. Let r be s(1). Let j(x) = 10 - r - x + 1 + 6. What are the prime factors of j(-5)?
11
Let k(x) = 13*x + 7. Let j be k(-2). Let z = j - -79. List the prime factors of z.
2, 3, 5
Let i(b) = -35*b + 65. List the prime factors of i(-13).
2, 5, 13
Suppose -2*c = c - 36. Suppose -k - 6 = -c. Suppose -a - 40 = -k*r + 3*r, 0 = 5*r - a - 66. List the prime factors of r.
13
Suppose -2*m + 54 = -8*m. Let f = -2 - m. List the prime factors of f.
7
List the prime factors of -1 + 3 + -8 + 882.
2, 3, 73
Let j be (3 - 0) + (9 - 3). Let q(b) = -6*b + 15. Let f be q(j). Let i = -21 - f. List the prime factors of i.
2, 3
Let y = -11 + 12. Let n(q) = -q + 1. Let d(f) = 6*f - 8. Let b(m) = y*d(m) + 8*n(m). What are the prime factors of b(-3)?
2, 3
Let r = 1969 + -1371. What are the prime factors of r?
2, 13, 23
Let t(p) = 32*p - 52. Let x(l) = 481*l - 780. Let r(g) = 91*t(g) - 6*x(g). List the prime factors of r(12).
2, 5, 13
Suppose -2*r + 4*r = h + 4, -h - 4*r = 4. Let s(q) = -q**3 + 4*q + 2. What are the prime factors of s(h)?
2, 5
Let h be ((-40)/16)/((-2)/4). Let m be (3/(-3))/(h/(-1055)). Suppose -3*y + 5*v = -m, 3*y + 0*v - 4*v - 209 = 0. What are the prime factors of y?
67
Suppose 22*g - 78 = 9*g. Let n(p) = 8*p + 7*p - 3 - 4*p. What are the prime factors of n(g)?
3, 7
Let c(u) = 18*u + 131. What are the prime factors of c(17)?
19, 23
List the prime factors of 6/2 + 19/19 - -71.
3, 5
Let j(c) = c**3 - 6*c**2 + 2*c + 7. Let t be j(5). Let f be -1 + (3 - 1 - t). Suppose 8*g + 22 = f*g. List the prime factors of g.
2, 11
What are the prime factors of 14888/104 + (-14)/91?
11, 13
Suppose 4*y - 1 - 31 = 0. Suppose -o - y = -33. List the prime factors of o.
5
Let h(w) = -w**2 + w + 4. Let r be h(0). Let c(f) = -f**2 + 4*f - 6. Let n be c(r). Let q = n - -18. List the prime factors of q.
2, 3
Let r(s) = -3*s**3 + s**2 + 3*s + 2. Let n be r(-1). Let g be (-1 + n)/(2/(-19)). Let u = 31 + g. List the prime factors of u.
2, 3
Let d be (-222)/(-42) - (-4)/(-14). Suppose -16 = -6*g + d*g. What are the prime factors of g?
2
What are the prime factors of (12 + -7)*(36/(-5))/(-2)?
2, 3
Let l = 28 - 26. Let o(t) = 43*t + 2. List the prime factors of o(l).
2, 11
Let i be (-34)/(-8) + (-4)/16. Suppose -2*y + 6 = -l, -6*y + i*l = -4*y. Suppose 2*g - 5*s - 48 = -s, -y*g + s = -68. List the prime factors of g.
2
Suppose -2052 = 2*s - 6*s. What are the prime factors of s?
3, 19
Let t = -876 + 2978. What are the prime factors of t?
2, 1051
Suppose 4*w = 5*p + 57, -p = -3*w - 4*p + 36. Let d(g) = -g + 14. Let o be d(w). Let t = 30 - o. List the prime factors of t.
29
Let k(m) = m**2 - 8*m + 97. List the prime factors of k(11).
2, 5, 13
Suppose -4*a + 11*a - 2604 = 0. List the prime factors of a.
2, 3, 31
Let u = -25 + 27. Suppose 4*m = 4*l - 129 - 15, u*l - m = 72. What are the prime factors of l?
2, 3
Let q(o) = -103*o**3 + 2*o**2 - o. Let d be q(1). Let r = -50 - 10. Let t = r - d. What are the prime factors of t?
2, 3, 7
Suppose -5*d = 3*o - 11528, d - 137 - 2179 = 2*o. What are the prime factors of d?
2, 577
Suppose 6*k + 2 = 8. Let o be (-268)/(k + -2 + -1). Let u = -78 + o. What are the prime factors of u?
2, 7
Let z be 851/4 - 2/(-8). Suppose -435 = -9*g + z. What are the prime factors of g?
2, 3
Suppose 0 = 12*c + 13*c - 4000. List the prime factors of c.
2, 5
Let o = -39 - -43. Suppose 4*m = -8, 4*g + 0*m - o*m = 212. List the prime factors of g.
3, 17
Let j be (-7)/(-28) - 3/12. Suppose 5*w - 5*r - 10 = j, -2*w = -0*w - 3*r - 6. Suppose w = -5*d + 164 - 19. What are the prime factors of d?
29
Let j = 6 - -253. Suppose -13 = 2*y - 2*a - j, 5*y - a - 635 = 0. What are the prime factors of y?
2
Suppose -7*i + 2145 = -2636. List the prime factors of i.
683
Let o = -14 + 35. Suppose n = -0*n, -3*n + o = b. List the prime factors of b.
3, 7
Suppose 3*b + 89 = -5*w, 3*b - 1 = 5. Let x = 71 + w. What are the prime factors of x?
2, 13
Supp